= -u. Let k be w(-6). Determine x(k).
-5
Let v(j) = -3*j - 5. Suppose -28 = -p - 4*m, -3*p + 0*m + 2*m = -70. Suppose 4 = -z + p. Let f be z/4*(-1 + 0). What is v(f)?
10
Let a(h) = -5*h - h + 0*h + 5*h + 7. Let u be -2 + 10 + 2 + -4. Let b be (u + 0)/(-1 + 3). Give a(b).
4
Suppose -3*r = 4*u - 21, 2*r = -0*u - 2*u + 12. Let l(v) = 9 - 4*v**2 - 3 - 8*v + 2*v + v + v**r. Calculate l(5).
6
Let r(q) be the first derivative of 1/3*q**3 + 3*q**2 - 2*q + 4. Calculate r(-6).
-2
Let q(s) = -s + 13. Let m be q(9). Let f(g) = 2*g**2 - 2*g - 4. What is f(m)?
20
Let n(o) = 0*o + 8 - o + 2*o + 3. What is n(0)?
11
Let s(b) = -b + 5. Let w be 3*6/(-9)*-1. Let h(t) = 2*t + 1. Let o be h(w). Calculate s(o).
0
Let l(b) = b**3 - b**2 + b - 3. Let d(f) = f**3 - 3. Let q(i) = -5*d(i) + 6*l(i). Let v be q(5). Let g(j) = -v*j + 1 - 5 + j. Determine g(-4).
0
Let k(n) = -2*n**2 + 10*n + n**2 - 11 + 3. Let c(l) = -l**2 + 11*l - 8. Let u(w) = -3*c(w) + 4*k(w). Determine u(6).
-2
Let f(i) = i**2 - 12*i + 13. Suppose -16*s = -9*s - 63. Determine f(s).
-14
Let s be 54/10 - 4/10. Let j(v) = 1 - s + v + v + 2*v. What is j(4)?
12
Let y(c) = -7*c**3 - c**2 + c + 1. Let n be y(-1). Suppose -2*k + 2*h - 3*h + 11 = 0, -h = k - n. Let g(q) = -q**3 + 5*q**2 - q + 3. Calculate g(k).
-2
Let z(i) = -12*i - 2. Let d(a) = 5*a + 1. Let b(l) = 5*d(l) + 2*z(l). Give b(-1).
0
Let v(b) = 3*b**2 - 4*b + 3. Let t(l) = -14*l**2 + 21*l - 16. Let z(h) = 2*t(h) + 11*v(h). What is z(1)?
4
Let s(i) = i**2 + 4*i - 3. Let a be s(-5). Let r(d) = d**3 + d**2 - d + 2. Determine r(a).
12
Let p = -17 + 32. Suppose -5*u - p = -0. Let z be u/(-6)*-2*0. Let g(v) = -v + 2. What is g(z)?
2
Let b(o) = o**2 - o. Let j(d) = 5*d**2 - 4*d - 1. Let i(a) = 9*b(a) - 2*j(a). Give i(5).
-28
Let k(y) = 3*y - 5 + 2*y - 4*y - 5. Suppose 0 = -l - 3*p - 15, -4*l + p = -2*p - 15. Give k(l).
-10
Let p = 9 - 4. Let u(a) = -a + 9. Give u(p).
4
Let b(m) be the second derivative of 13*m**3/6 + m**2/2 - 2*m. Give b(-1).
-12
Let x(n) be the first derivative of n**2/2 - n + 3. Give x(-3).
-4
Suppose -5*g + 0*n - 5 = 3*n, -2*g - 5*n = 21. Let w(f) = -10 - 2*f + 10 + f**g. Suppose -5*d + 5 = -5*b, 6*b - 2*b - 14 = -2*d. Give w(d).
3
Let y(d) = 7*d**3 + 2*d**2 + 8*d. Let k(r) = 7*r**3 + 2*r**2 + 5*r - r**3 + 2*r. Let n(o) = 6*k(o) - 5*y(o). Give n(-2).
-4
Let u(y) = 7*y**3 - 10*y**2 + 10*y - 13. Let f(a) = -3*a**3 + 5*a**2 - 5*a + 6. Let r(i) = -5*f(i) - 2*u(i). Suppose -4*v = -v - 9. Calculate r(v).
-7
Let q(n) = -n**3 + 11*n**2 + 5*n - 2. Let w(c) = 3*c**3 - 32*c**2 - 14*c + 6. Let o(x) = 11*q(x) + 4*w(x). Let i be o(7). Let r(z) = z + 8. Determine r(i).
3
Suppose 4*y - 12 = 4. Let l = 6 - y. Let n(f) = 2*f. Give n(l).
4
Let g(t) = -3*t - 2. Let v(u) = -5*u - 3. Let c(d) = -3*g(d) + 2*v(d). Calculate c(3).
-3
Let s be 4/(-10) - 36/10. Let g(f) = -10*f - 5 + 7*f + 0 - f**2. What is g(s)?
-9
Let l = -11 + 15. Suppose 13 = 3*n + 4*h - 5, 0 = l*n - 2*h - 2. Let o(z) = 0 - z**3 + 1 - z**n + z**2 - z**2. Determine o(0).
1
Let q(k) = k + 4. Let i = 33 + -16. Let z = i - 22. Give q(z).
-1
Let l(r) = 3*r + 9. Let u(c) = 2*c + 6. Let s(w) = 5*l(w) - 7*u(w). Determine s(5).
8
Let b(p) = 4*p - 6. Let j(w) = w - 1. Let q(f) = 2*b(f) - 10*j(f). Determine q(-5).
8
Let o(a) = -21*a - 16. Let i(y) = 4*y + 3. Let w be (-3)/(-6) + (-10)/4. Let t(m) = w*o(m) - 11*i(m). Let h be -2*1 + 5/(-5). Give t(h).
5
Suppose 2*f + 15 - 13 = 0. Let b(x) = 4*x**2 - 7*x + 1. Let r(m) = m**2 - m. Let o(a) = f*b(a) + 3*r(a). Give o(3).
2
Let u(n) = -2*n + 1. Let g(j) = -j. Let h(t) = -2*g(t) + 2*u(t). Determine h(2).
-2
Let j = 5 + -5. Let m = -2 - j. Let l(t) = -3*t**2 - 3*t. Calculate l(m).
-6
Let l(b) = -6*b - 6. Let s = -1 - 12. Let u(m) = -12*m - 13. Let a(x) = s*l(x) + 6*u(x). Give a(1).
6
Let u(a) be the third derivative of -a**4/12 + 7*a**3/6 + 5*a**2. Let w = -5 + 11. Give u(w).
-5
Let n(i) be the first derivative of -i**2 - 4*i - 5. Let x be n(-4). Let y(r) = r - 1. Give y(x).
3
Let x be -1*(5/(-1) - 1). Let w = -4 + x. Let b(i) = -i + 0*i - w + 2*i + 3. Determine b(-5).
-4
Let l(i) = -i**3 - 2*i**2 + 2*i. Suppose 2*h = 5*p - 29, -h + 3 = p - 0*p. Let r be l(h). Let v(q) = q**2 + 6*q + 5. Calculate v(r).
-3
Let m(r) = 8*r**3 + 4*r**2 - r + 2. Let n be 1 + (-30)/3 - -4. Let b(v) = 16*v**3 + 9*v**2 - 3*v + 5. Let x(q) = n*m(q) + 2*b(q). Calculate x(-1).
7
Let q(p) = p**3 + 4*p**2 - 2*p - 2. Suppose 1 = -a - 0*m + 3*m, -5*m = 5*a + 25. What is q(a)?
6
Let m(r) = -r**2 + 3*r - 1. Suppose -55*b + 4 = -53*b. What is m(b)?
1
Let o(a) be the first derivative of -a**5/120 - 7*a**4/24 + a**3 + 1. Let z(j) be the third derivative of o(j). Calculate z(-6).
-1
Let l(b) = -3 - 12 - b**2 + 3 + 10*b. Give l(8).
4
Let s(o) be the second derivative of 7*o**4/12 + o**3/3 + o**2/2 + o. Suppose -4*z + 3*v = -68, 0 = z - 2*z + 4*v + 30. Let c = 13 - z. Give s(c).
6
Let o be (-25)/(-4) + (-1)/4. Let b = o + -10. Let r(p) = 3*p + 4. Let d(u) = 3*u + 4. Let v(q) = -6*d(q) + 5*r(q). Give v(b).
8
Let d(n) be the first derivative of n**3/3 + n**2/2 - 9*n - 12. Let z(f) = -f + 3. Let h be z(3). What is d(h)?
-9
Let l be ((-6)/9)/((-4)/(-6)). Let q(j) be the first derivative of j**2/2 - j + 2. Determine q(l).
-2
Let n(s) be the second derivative of s**4/12 - 7*s**3/6 - 5*s**2/2 + 9*s. What is n(7)?
-5
Let i = -6 + 4. Let n = i - -5. Let q(z) = -2 + z**n - 5*z - 1 + 0 - 3*z**2. Calculate q(4).
-7
Let h = 11 - 17. Let o(x) be the third derivative of x**6/120 + x**5/12 - 5*x**4/24 + x**3/3 - 2*x**2. Give o(h).
-4
Let q(u) = -2*u - 1. Let m(k) = k**2 + 14*k + 17. Let b be m(-13). Suppose -2*l + 3*f - 18 = -0*l, 4*f = -b*l + 4. What is q(l)?
5
Let m(n) = -n**3 + 5*n**2 - 5*n - 2. Suppose 0 = -p - p. Suppose p*y - y = 3*l - 5, -5*l - 15 = -3*y. Let g(d) = -d + 4. Let i be g(l). Give m(i).
-6
Let l be 9/(-3) - 1*2. Suppose 0*v - 55 = 5*v. Let y(u) = 6*u**2 - 40*u - 36. Let d(w) = -w**2 + 8*w + 7. Let r(s) = v*d(s) - 2*y(s). What is r(l)?
10
Let c = -11 - -5. Let l(q) = -9*q + 16 + 5*q**2 - 14 + 3*q + q**3. What is l(c)?
2
Let n(i) = -2*i + 7. Let z(g) be the third derivative of -g**4/4 - g**3/6 - g**2. Let h = 2 - 3. Let l be z(h). Give n(l).
-3
Let k(j) = -2*j + j**3 - 4*j**3 + 2*j**3 + 2*j**2 + 3*j. Calculate k(3).
-6
Suppose 4*s + 2 = -3*g - 2*g, -4*g - 10 = -s. Let j(x) = x - 3. Determine j(s).
-1
Let z(m) = 2*m - 6*m**2 + 6 + 2*m + 2*m + m**3 - m. Let x be z(5). Let w(r) = r**2 - 5*r - 1. Let q be w(x). Let g(o) = 3*o - 4. Give g(q).
11
Let o(i) = -i**3 + 4*i**2 + 6*i - 6. Let p be o(5). Let x be p/4 - (-9)/4. Let g(y) = 2*y**2. Calculate g(x).
8
Suppose 3*b + 69 + 0 = 0. Let s = b + 25. Let h(x) = -4*x**2 + 2*x. What is h(s)?
-12
Suppose -4*q - q = 0. Let l(a) be the third derivative of -1/8*a**4 + 0*a - 1/60*a**5 + 2*a**2 + a**3 + q. Calculate l(-5).
-4
Let h(w) = -1. Let s(d) = -d**2 - 3*d + 11. Let n(f) = 6*h(f) + s(f). Let p(c) = c**3 + c**2 - c + 4. Let y be p(0). Suppose -y*b - 2 = 14. What is n(b)?
1
Suppose 3*z = 2*z + 1. Let h(k) = 19 - 3*k - k - 19. Determine h(z).
-4
Let o(a) = a**3 - a - 1. Suppose -9*x + 12*x = 0. Give o(x).
-1
Let o(t) = t**2 + 3*t. Let n be o(-4). Let z(x) be the third derivative of x**4/12 - 3*x**2. Give z(n).
8
Suppose 0 = 2*x + o + 2, -2*x + 6 = -3*o + 2*o. Let u(q) = -q + x - 1. Let k = 11 + -16. Give u(k).
5
Let t(v) be the first derivative of -v**3/3 + 2*v**2 + 6. Give t(5).
-5
Let t = -101 - -109. Let f(l) = l**3 - 7*l**2 - 9*l - 5. What is f(t)?
-13
Let j(k) = -5*k**3 + k + 6*k**3 - 7*k**2 + 1 + 12*k**2. Suppose 2*y + 2*n - 2 = -0*y, -n + 2 = 0. Let s(g) = 5*g. Let c be s(y). Give j(c).
-4
Suppose -n - n = -38. Let r = 15 - n. Let j(o) = -4*o - 5. Determine j(r).
11
Let a(n) be the third derivative of n**4/8 + n**3 - 11*n**2. Calculate a(-5).
-9
Let g(d) = -d + 1. Let w(h) = -4*h - 2. Let r(c) = 3*g(c) + w(c). Determine r(-1).
8
Let o(i) = i**3 + 13*i**2 + 21*i - 8. Let l be o(-11). Let w(h) = -h**3 + 4*h**2 - 2*h - 1. What is w(l)?
2
Let u(m) = -9*m + 13. Let z(o) = 5*o - 7. Let x(t) = 6*u(t) + 11*z(t). Determine x(-2).
-1
Let w(z) = -z**2 + z + 1. Let y(i) = i**3 + i**2 - i + 4. Let u be y(0). Suppose 0 = 2*p - 8, u*k - 1 + 5 = 2*p. Calculate w(k).
1
Let c(s) = -s. Let q be c(-2). Suppose q = -2*g + 4. Let b(a) = 8*a + 1. Calculate b(g).
9
Let j(w